**2 + 3*y - 104. Determine s(29).
-17
Let d(y) = y**2 - 15*y - 17. Determine d(15).
-17
Let k(z) = -z**3 + 5*z**2 + z - 1. Determine k(-1).
4
Let s(f) = -29*f**3 + f**2 + f. Determine s(-1).
29
Let f(p) = -p**2 + 14*p + 177. Give f(-8).
1
Let w(k) = k**3 + 6*k**2 - 6*k + 8. Calculate w(-7).
1
Let r(o) = o**3 - 5*o**2 - 6*o + 5. Determine r(6).
5
Let q(c) = c**2 + 21*c - 1. What is q(-21)?
-1
Let t(v) = -4*v + 5. Determine t(5).
-15
Let h(p) = 11*p + 293. Give h(-27).
-4
Let w(t) = 5*t**2 - t - 1. Calculate w(1).
3
Let g(q) = 10*q + 490. What is g(-49)?
0
Let a(x) = -x**3 - 5*x**2 + 4*x + 1. What is a(-4)?
-31
Let x(r) = -r**3 - 4*r**2 - 2*r - 14. Give x(-6).
70
Let r(w) = -w**3 - 4*w**2 + 5*w + 12. Determine r(-6).
54
Let w(i) = -4*i + 23. Calculate w(5).
3
Let a(c) = 2*c**3 - 18*c**2 + 2*c + 7. Determine a(9).
25
Let z(v) = v - 14. Determine z(23).
9
Let c(y) = 52*y - 99. Give c(2).
5
Let j(z) = -13*z - 1. Calculate j(-4).
51
Let l(g) = 3*g**3 - 2*g - 3. Give l(-2).
-23
Let n(k) = -10*k - 85. Calculate n(-10).
15
Let w(c) = -2*c**2 + c + 33. Calculate w(4).
5
Let g(f) = -9*f + 20. What is g(9)?
-61
Let z(l) = -4*l**2 - 14*l - 20. Determine z(-2).
-8
Let a(r) = -22*r + 1063. What is a(48)?
7
Let k(h) = 7*h + 22. Calculate k(-7).
-27
Let h(z) = 8*z + 41. Give h(-7).
-15
Let i(d) = -d**2 - 19*d + 51. Calculate i(-22).
-15
Let t(i) = -7*i**2 - 56*i + 8. Give t(-8).
8
Let p(i) = -i**2 - 21*i - 65. What is p(-22)?
-87
Let j(r) = r**3 - 8*r**2 + 25*r - 23. Determine j(2).
3
Let g(l) = l**2 + 6*l - 13. Give g(-7).
-6
Let b(o) = o**3 - 32*o**2 - 142*o - 78. Determine b(36).
-6
Let b(r) = -3*r - 14. Calculate b(-17).
37
Let s(z) = z - 8. Calculate s(6).
-2
Let d(v) = 3*v + 9. Give d(4).
21
Let b(f) = -f**2 + 6*f - 3. Determine b(7).
-10
Let q(k) = 3*k - 12. What is q(-10)?
-42
Let n(s) = 3*s - 94. Calculate n(28).
-10
Let p(c) = -c**3 - 9*c**2 + 25*c + 19. What is p(-11)?
-14
Let z(b) = -2*b**2 - 5*b - 3. What is z(-2)?
-1
Let q(p) = -2*p**2 + 1. Determine q(-2).
-7
Let h(x) = x**3 - 4*x**2 - 8*x + 1. What is h(6)?
25
Let j(u) = -u**2 + 9*u - 13. What is j(5)?
7
Let g(d) = -d**3 + 9*d**2 - 22*d + 21. Determine g(6).
-3
Let a(o) = -o**3 + 4*o**2 - 2*o + 1. Calculate a(1).
2
Let m(o) = -o**3 - 4*o**2 + 6*o + 9. What is m(-5)?
4
Let t(q) = -q**3 + 5*q**2 + 6*q + 4. Calculate t(6).
4
Let c(l) = l**2 - 22*l + 1. Give c(23).
24
Let h(r) = -r**2 - 21*r - 21. What is h(-20)?
-1
Let m(k) = -13*k - 51. What is m(-6)?
27
Let q(j) = 2*j + 45. Determine q(-18).
9
Let u(c) = -2*c**3 + 3*c**2 + 2*c + 4. Give u(3).
-17
Let b(m) = -m**3 + 7*m**2 + 4*m + 17. Give b(8).
-15
Let q(p) = -5*p. Calculate q(1).
-5
Let r(a) = -a - 14. Calculate r(12).
-26
Let k(b) = b**2 + 30*b + 180. Determine k(-6).
36
Let x(v) = 54*v - 6. Give x(1).
48
Let j(s) = -s**3 + 11*s. Determine j(4).
-20
Let h(g) = 2*g + 84. Calculate h(-41).
2
Let c(d) = 5*d**2 + 4*d + 16. Calculate c(-5).
121
Let p(x) = -x**2 + 3*x + 21. Calculate p(7).
-7
Let v(u) = 21*u + 91. Determine v(-11).
-140
Let g(r) = 3*r**2 - 71*r - 27. What is g(24)?
-3
Let j(w) = -2*w**3 + 11*w**2 - 7*w - 1. Determine j(6).
-79
Let v(s) = 17*s - 182. What is v(10)?
-12
Let a(g) = g**3 - 14*g**2 + 15*g - 5. Calculate a(13).
21
Let l(a) = 3*a - 16. Give l(6).
2
Let f(h) = 3*h + 70. What is f(-22)?
4
Let n(p) = -2*p**3 + 4*p**2 - p + 1. What is n(2)?
-1
Let a(z) = 3*z**3 + 2*z**2 + 3*z - 4. Determine a(1).
4
Let h(r) = 2*r**3 - 28*r**2 + 7*r - 13. Calculate h(14).
85
Let t(q) = -q**3 - 40*q**2 - 76*q - 5. Determine t(-38).
-5
Let s(a) = -2*a + 1. Calculate s(0).
1
Let h(r) = -2*r**2 - 20*r + 54. What is h(-12)?
6
Let g(b) = -b**3 + 3*b**2 + 3*b - 3. Determine g(-2).
11
Let g(n) = 27*n**3 + n**2. Calculate g(-1).
-26
Let r(t) = 9*t - 1. What is r(-1)?
-10
Let m(s) = 3*s - 1. What is m(-1)?
-4
Let i(c) = 4*c - 6. Calculate i(3).
6
Let d(g) = -19*g**2 - 3*g - 2. What is d(-1)?
-18
Let b(r) = 2*r**3 + 15*r**2 - 10*r - 22. Calculate b(-8).
-6
Let r(j) = 2*j**3 + 5*j**2 + 3*j + 4. Determine r(-3).
-14
Let q(v) = -2*v**2 - 3. What is q(2)?
-11
Let n(z) = 2*z**3 - 17*z**2 + 3*z - 19. Calculate n(9).
89
Let y(k) = -2*k**2 + 7*k - 4. Determine y(5).
-19
Let i(u) = u**2 + 12*u + 3. What is i(-11)?
-8
Let i(m) = -m**2 - 32*m + 50. Calculate i(-33).
17
Let x(y) = y + 10. What is x(4)?
14
Let m(q) = -2*q**2 - 1. Determine m(-1).
-3
Let u(m) = 55*m + 610. Determine u(-11).
5
Let v(w) = -59*w + 58. Calculate v(1).
-1
Let p(h) = h**3 - 12*h**2 - 21*h + 30. Give p(13).
-74
Let i(n) = -2*n**2 + 58*n - 391. Calculate i(11).
5
Let l(r) = -5*r + 50. What is l(0)?
50
Let z(q) = -3*q**3 - 2*q**2 - q - 5. Determine z(-2).
13
Let c(m) = m**3 + 2*m**2 - 7*m - 1. What is c(-5)?
-41
Let i(c) = 7*c - 2. Calculate i(1).
5
Let b(w) = w**3 + 4*w**2 - 5*w. Calculate b(-4).
20
Let p(w) = -w**2 + 12*w - 12. What is p(9)?
15
Let f(g) = g + 17. Calculate f(-5).
12
Let r(y) = 4*y**2 - 7*y. Determine r(2).
2
Let c(g) = g**2 - 6*g + 5. Calculate c(8).
21
Let w(x) = 5*x - 107. What is w(9)?
-62
Let z(g) = -g**3 + 10*g**2 - 10*g - 6. Calculate z(9).
-15
Let l(k) = k**2 - 147*k - 753. Give l(-5).
7
Let f(k) = -k - 23. Determine f(-17).
-6
Let b(a) = a**2 + 23*a + 81. Calculate b(-18).
-9
Let i(p) = p**3 + 14*p**2 + 15*p - 10. Determine i(-12).
98
Let c(d) = d**3 + d**2 + d - 10. Give c(2).
4
Let w(m) = -m**3 - 8*m**2 - 15*m + 4. Calculate w(-3).
4
Let w(u) = u**3 + 7*u**2 - 13*u + 9. Determine w(-9).
-36
Let c(v) = -v**3 + 18*v**2 + 18*v + 12. Determine c(19).
-7
Let b(v) = -v**3 - 18*v**2 + 22*v + 60. What is b(-19)?
3
Let s(c) = -c**3 - c**2 + 3*c - 83. What is s(0)?
-83
Let s(x) = -6*x - 48. Determine s(-9).
6
Let m(g) = 2*g**3 - 4*g**2 + 2*g - 4. Calculate m(3).
20
Let h(u) = -2*u**2 + 32*u - 118. Give h(12).
-22
Let g(u) = 2*u**2 - 5*u - 6. Determine g(5).
19
Let z(y) = 2*y**2 - 18*y - 20. What is z(10)?
0
Let j(t) = t**3 - 2*t**2 - 4*t - 1. What is j(4)?
15
Let k(g) = g**2 + 4*g + 3. Determine k(-4).
3
Let k(v) = -v**2 + 6*v + 23. Determine k(8).
7
Let w(b) = -b**3 + 18*b**2 + b - 20. What is w(18)?
-2
Let u(w) = 2*w**3 - w**2 + w - 4. Determine u(2).
10
Let r(t) = t**2 + 5*t + 10. What is r(-4)?
6
Let o(k) = -5*k - 2. Give o(2).
-12
Let a(j) = -j**3 - 15*j**2 - 12. What is a(-15)?
-12
Let r(f) = -f**3 - 10*f**2 - 15*f - 13. Determine r(-8).
-21
Let p(l) = l**2 - 3*l - 3. Determine p(3).
-3
Let b(u) = 2*u**3 - 3*u**2 - 2*u + 7. Give b(3).
28
Let h(y) = -y**3 - 12*y**2 - 15*y - 13. Give h(-11).
31
Let r(q) = -q**3 + 9*q**2 - 10*q + 9. Determine r(8).
-7
Let a(p) = -p**2 + 17*p - 6. Calculate a(10).
64
Let n(h) = -h**2 + 15*h - 23. What is n(12)?
13
Let u(m) = 2*m + 42. What is u(-24)?
-6
Let j(t) = -t**3 - 8*t**2 + 8*t - 4. Give j(-9).
5
Let u(a) = -2*a**2 + 16*a + 23. Calculate u(8).
23
Let f(l) = -l**3 + 3*l**2 + l + 1. Calculate f(0).
1
Let o(y) = y**3 - 6*y**2 + 11*y - 24. Determine o(5).
6
Let v(w) = -9*w**3 - 2*w**2 - 3*w - 1. Determine v(-2).
69
Let s(w) = -9*w - 4. Give s(-1).
5
Let b(k) = -36*k + 750. What is b(21)?
-6
Let s(o) = -o**3 - 2*o**2 + 7*o + 15. Determine s(-3).
3
Let d(x) = 2*x**2 + 66*x - 66. Calculate d(-34).
2
Let w(k) = -22*k + 4. Determine w(2).
-40
Let b(o) = o**3 + 3*o**2 - 3*o. Determine b(-4).
-4
Let z(g) = 4*g**2 + 14*g + 6. Determine z(-7).
104
Let r(t) = t**3 - 25*t**2 + 4*t - 105. Determine r(25).
-5
Let r(h) = h**3 - 5*h**2 - 4*h + 3. What is r(5)?
-17
Let g(q) = -q**2 + 6*q + 4. Calculate g(8).
-12
Let o(u) = u**3 + 44*u**2 + 79*u - 214. Give o(-42).
-4
Let y(d) = 6*d + 2. Determine y(0).
2
Let j(h) = h**2 - 6*h + 2. Calculate j(3).
-7
Let d(k) = -k**2 - 15*k + 24. Determine d(-17).
-10
Let k(p) = -2*p**2 - 11*p - 8. Give k(-8).
-48
Let q(w) = -w**3 - w**2 + w - 22. Determine q(0).
-22
Let s(x) = -x**3 + 7*x**2 - 9*x + 22. Determine s(6).
4
Let u(l) = l - 13. Determine u(6).
-7
Let f(i) = -2*i**2 + 32*i - 98. Determine f(4).
-2
Let i(k) = 11*k - 2. Give i(-1).
-13
Let h(u) = -u**3 + 4*u**2 - u - 3. What is h(4)?
-7
Let y(t) = -7*t**2 + 2*t - 4. What is y(3)?
-61
Let f(n) = n + 7. Give f(-1).
6
Let x(z) = -z**2 + 8*z + 3. What is x(9)?
-6
Let x(w) = 12*w + 54. What is x(-5)?
-6
Let z(p) = p**3 - 4*p**2 - 6*p + 7. Determine z(5).
2
Let s(w) = -11*w + 70. Calculate s(7).
-7
Let v(i) = i - 1. Calculate v(7).
6
Let g(s) = s**3 + 17*s**2 - 